common factor of d and 7?
7
Suppose 0 = -2*z + 4*i + 130, -5*i - 13 = 12. Calculate the highest common divisor of z and 275.
55
Let d(l) = 16*l. Let c be d(3). Suppose b - 3*h - c = -16, -5*b = 4*h - 84. What is the highest common divisor of b and 4?
4
Let w = -50 + 110. Calculate the greatest common divisor of w and 15.
15
Let u(p) = p**2 - 4*p + 9. Let t be u(5). Suppose 0*g = -2*g + 112. What is the highest common factor of g and t?
14
Let z(i) = i**3 + 6*i**2 - 4*i + 12. Let o be z(-6). Calculate the greatest common divisor of o and 4.
4
Let c(u) = 2*u**2 + 8*u + 6. Let h be 1 + (1 - 7 - 0). Let s be c(h). Suppose 4*b = 10*b - 384. Calculate the greatest common factor of b and s.
16
Let g(j) = j**2 + 4*j + 9. Let f be g(-7). Calculate the greatest common factor of 20 and f.
10
Let i be 7/((-105)/(-200)) + (-1)/3. Calculate the greatest common factor of 1 and i.
1
Let j = 138 - 130. What is the highest common divisor of j and 8?
8
Suppose 5*w = 38 + 322. Suppose 3*v - 2*v - 10 = 0. Suppose -v*s = -6*s - 36. What is the highest common divisor of w and s?
9
Suppose 0 = 2*y - 2 - 8. Suppose 24 = 2*r + 2*j, 3*j = -y*r - j + 62. Let p be -27*(0 + -1) + 1. What is the greatest common divisor of p and r?
14
Let h = 120 - 55. What is the highest common factor of 260 and h?
65
Let o(c) = 9*c**2 - 6*c - 1. Let d be o(4). Let r = -2 - -19. What is the greatest common divisor of d and r?
17
Let h be 6/(-3)*5/(-2). Calculate the greatest common factor of 45 and h.
5
Suppose 2*g + 3*w - 67 = 68, -318 = -5*g - w. What is the highest common divisor of 21 and g?
21
Let y(x) be the third derivative of 0 - 2*x**2 + 1/30*x**5 - 1/8*x**4 + 0*x + 1/6*x**3. Let n be y(2). What is the greatest common factor of 9 and n?
3
Let w be 33/8 + 2/(-16). Let i be 9 + (-3 - -7 - w). Calculate the greatest common factor of i and 27.
9
Suppose -5*s + 84 = -s. Let m be (2/1 + -9)*-1. What is the greatest common factor of m and s?
7
Suppose -t + 90 = -50. What is the highest common divisor of t and 28?
28
Let h = 9 - -3. Let l be (-1724)/(-18) + (-2)/(-9). Calculate the greatest common divisor of l and h.
12
Let g be ((-51)/(-3) - 2) + -3. Suppose -12*n + 11*n = -g. What is the greatest common factor of n and 24?
12
Let o be (-351)/(-18) - 1/(-2). Let f be (27 - 0)*o/15. What is the highest common divisor of f and 4?
4
Suppose 3*u + 65 - 1034 = -4*b, -4*u - 247 = -b. Let i = -171 + b. Calculate the greatest common factor of 8 and i.
8
Let w(x) = x**3 + 11*x**2 + 10*x + 28. Let h be w(-10). Calculate the greatest common factor of h and 98.
14
Let l(z) = z + 10. Let k be l(8). Calculate the greatest common factor of 72 and k.
18
Let r be (2 + (-8)/10)*-10. Let c be 58/5 + r/(-30). Calculate the greatest common factor of 96 and c.
12
Let h be -8*-25*(-4)/(-16). Calculate the highest common divisor of h and 25.
25
Let b = 26 - 37. Let r = -3 - b. Let k(d) = d**2 + 2*d + 8. Let p be k(-6). Calculate the greatest common divisor of p and r.
8
Let w = 25 - 17. What is the greatest common factor of w and 12?
4
Let q be 45*((-27)/15)/(-3). Calculate the highest common factor of q and 162.
27
Let w(k) = k**2 + 8*k + 11. Let n be w(-8). Let c(h) = -13*h - 6. Let s be c(-3). Calculate the greatest common divisor of n and s.
11
Let p be 4 + 1*(-1)/1. Suppose 4*q + 0*q = 0. Let d = q - -1. Calculate the highest common divisor of d and p.
1
Suppose 3*w - 68 - 664 = 0. Suppose 0 = 5*i - 4*i + 6. Let z be w/10 + i/15. What is the greatest common divisor of z and 3?
3
Let w be (2 - -50)/2*16/32. Calculate the greatest common divisor of w and 169.
13
Suppose -4*a + 25 = 5*n - 34, 4*n - 76 = 4*a. What is the highest common factor of n and 15?
15
Suppose 0*c + w + 116 = 3*c, 5*w + 60 = 2*c. What is the highest common factor of 8 and c?
8
Suppose -4*l + 28 = -2*y, -5*y - l = -2*l + 25. Let w be -1*(3 + y - -1). Let t be 14 + 0 + w/(-2). Calculate the highest common factor of t and 112.
14
Suppose -2*b - 375 = -x, -4*x + 2*b = b - 1535. Calculate the highest common divisor of x and 35.
35
Let t(z) = 15*z - 7. Let s be t(3). Calculate the highest common factor of s and 57.
19
Let k(c) = -c**2 - 9*c - 7. Let m be k(-8). What is the greatest common factor of 3 and m?
1
Let w(n) = n**2 - 2*n + 4. Let p be w(4). Let c be 12*((-3)/p)/(-1). Let l(i) = i. Let o be l(c). Calculate the greatest common factor of o and 9.
3
Suppose v = f - 10 - 21, 4*f = v + 127. Calculate the highest common divisor of 112 and f.
16
Suppose -4*i + 19 = -3*i. Let s be i/((15/(-12))/(-5)). What is the highest common divisor of s and 19?
19
Suppose -v + 0*v = -15. Let p(j) = j - 7. Let n be p(7). Let a = 3 + n. What is the greatest common divisor of a and v?
3
Suppose -y + 3*k + 51 = 7*k, 78 = 2*y + 2*k. What is the highest common divisor of y and 140?
35
Suppose -3*b = 2*b - 280. Let a = 32 - 21. Suppose u = 2*u - 3*f - 1, -u = 2*f - a. Calculate the highest common factor of u and b.
7
Let s be -2*(-2 - (1 + -3 + 4)). Let j = -6 + 14. Calculate the greatest common factor of s and j.
8
Let x be (-12)/6 - (-2 + 0 - 150). Calculate the greatest common factor of 60 and x.
30
Let c = 13 - -2. Let i be (-2 - 5) + 20 - (2 + 1). What is the greatest common factor of c and i?
5
Let v = -3 - 1. Let c be v - (-3 + 1 - 10). Calculate the greatest common factor of 20 and c.
4
Suppose 0*g = 4*g - 140. Let f be (552/(-30))/((-2)/10). Suppose 2*z + f = 5*c, z - g = -5*c + 3*c. What is the highest common divisor of c and 2?
2
Let r = -193 - -213. Calculate the greatest common factor of 90 and r.
10
Suppose 2*w + w - 9 = 0. Suppose -4*d = -3*b - 27, 14 = -3*d - 4*b + 53. What is the highest common divisor of d and w?
3
Suppose -b + 9 = 2*p - 4, 4*p - 3*b = 21. What is the greatest common factor of p and 3?
3
Let n = -468 - -313. Let w = -75 - n. What is the highest common factor of 10 and w?
10
Let z(b) = b**3 - 5*b**2 - 6*b + 5. Let i be z(6). Let n be ((-336)/30)/(2/(-5)). Suppose g = i*g - n. What is the highest common divisor of g and 28?
7
Let d be 6/15 + 328/5. Let r(b) = -b + 28. Let c be r(15). Let g = 9 + c. Calculate the greatest common factor of d and g.
22
Suppose 26*y = 25*y + 6. Calculate the highest common divisor of 3 and y.
3
Let i(k) = -k**3 - 11*k**2 - 4*k - 10. Let l be i(-11). What is the highest common divisor of 17 and l?
17
Suppose -h = g - 82, 2*h + 4 = g - 84. Let u(t) = -3*t - 12. Let p be u(10). Let m = p + g. What is the highest common divisor of 14 and m?
14
Suppose 2*q - 6 = 0, 4*u = -q + 45 + 10. Let c be 4/(-6) + (-825)/(-9). Calculate the highest common divisor of u and c.
13
Suppose -135 = -3*u - 2*u. What is the greatest common factor of 3 and u?
3
Suppose -760 = -0*c - 5*c. Suppose 2*v - 90 - c = 0. Calculate the greatest common factor of 11 and v.
11
Let y be 5*3/(2 - -1). Let c be -11 - 2 - (y + -2). Let s be (-12)/(-3 - 45/c). What is the greatest common factor of s and 16?
16
Let j = 123 + -66. Let h = 54 - 35. Calculate the greatest common factor of h and j.
19
Suppose 0*v + 3*v + 87 = 0. Let g = -10 - v. Let f be (-3)/(-2 + (-339)/(-171)). Calculate the greatest common factor of f and g.
19
Let h(k) be the first derivative of k**4/4 - 8*k**3/3 + 13*k**2/2 + 3*k + 7. Let z be h(7). Calculate the greatest common factor of 15 and z.
15
Let p = -47 + 74. What is the greatest common factor of 3 and p?
3
Suppose 30 = -59*b + 61*b. Calculate the greatest common factor of b and 3.
3
Suppose l - 100 = -9*l. Let b be 0 + -2 + 53 + -1. What is the greatest common divisor of b and l?
10
Let p be (1*-1)/((-5)/(-3655)). Let n = -421 - p. Let g = n - 145. Calculate the greatest common divisor of 15 and g.
15
Suppose 2*m = 6*m - 164. Suppose -5*d = -10*d + 455. Let v = d - m. Calculate the highest common factor of 5 and v.
5
Let l(z) = 15*z**2 - 2*z - 1. Let x be l(-1). What is the greatest common factor of 16 and x?
16
Suppose -250 = -5*f - 5*o, 45 = -2*f + 2*o + 141. What is the highest common factor of 7 and f?
7
Suppose 230 = 6*v - v. Let l = -28 + v. Let t be (6/4)/((-3)/(-18)). Calculate the greatest common divisor of l and t.
9
Suppose 6*p - 1552 - 32 = 0. What is the highest common divisor of p and 24?
24
Let c be (1 - 0)/((-6)/150). Let a be (-4)/(-18) + c/(-9). Suppose a*l - 3 = 9. Calculate the highest comm